{"id":4643,"date":"2025-08-21T12:40:01","date_gmt":"2025-08-21T10:40:01","guid":{"rendered":"https:\/\/www.thurner-keramikshop.de\/?post_type=product&#038;p=4643"},"modified":"2025-08-23T01:14:24","modified_gmt":"2025-08-22T23:14:24","slug":"befestigungsset-fuer-traegerfuesse","status":"publish","type":"product","link":"https:\/\/www.thurner-keramikshop.de\/index.php\/product\/befestigungsset-fuer-traegerfuesse\/","title":{"rendered":"BEFESTIGUNGSSET"},"content":{"rendered":"<h2 style=\"font-weight: 400;\"><strong>Befestigungsschrauben-Set f\u00fcr 2 Edelstahl Tr\u00e4gerf\u00fc\u00dfe<br \/>\nzum Aufschrauben auf einem Betonfundament.<\/strong><\/h2>\n<h4>SCHRAUBEN-SET ZUM AUFD\u00dcBELN &#8211; BESTEHEND AUS:<\/h4>\n<ul class=\"bullet-list\">\n<li class=\"bullet-list__item\"><strong>8 Stk. Ankerstange<\/strong> M10 x 140 in Edelstahl<\/li>\n<li class=\"bullet-list__item\"><strong>8 Stk. Hutmuttern inkl. 8 Stk. U-Scheibe <\/strong>in Edelstahl<\/li>\n<li class=\"bullet-list__item\">Inkl. <strong>zweikomponenten Injektionsm\u00f6rtel<\/strong> inkl. Mischd\u00fcse<\/li>\n<li><strong>gepr\u00fcftes System <\/strong>im IFT Rosenheim<\/li>\n<\/ul>\n","protected":false},"excerpt":{"rendered":"<p>Befestigungsschrauben-Set f\u00fcr 2 Edelstahl Tr\u00e4gerf\u00fc\u00dfe zum Aufschrauben auf einem Betonfundament. SCHRAUBEN-SET ZUM AUFD\u00dcBELN &#8211; BESTEHEND AUS: 8 Stk. Ankerstange M10 x 140 in Edelstahl 8 Stk. Hutmuttern inkl. 8 Stk. U-Scheibe in Edelstahl Inkl. zweikomponenten Injektionsm\u00f6rtel inkl. Mischd\u00fcse gepr\u00fcftes System im IFT Rosenheim<\/p>\n","protected":false},"featured_media":4760,"template":"","meta":{"_acf_changed":false},"product_brand":[],"product_cat":[25],"product_tag":[],"class_list":{"0":"post-4643","1":"product","2":"type-product","3":"status-publish","4":"has-post-thumbnail","6":"product_cat-sichtschutz","7":"product_shipping_class-muster","9":"first","10":"instock","11":"taxable","12":"shipping-taxable","13":"purchasable","14":"product-type-simple"},"acf":[],"jetpack_sharing_enabled":true,"_links":{"self":[{"href":"https:\/\/www.thurner-keramikshop.de\/index.php\/wp-json\/wp\/v2\/product\/4643","targetHints":{"allow":["GET"]}}],"collection":[{"href":"https:\/\/www.thurner-keramikshop.de\/index.php\/wp-json\/wp\/v2\/product"}],"about":[{"href":"https:\/\/www.thurner-keramikshop.de\/index.php\/wp-json\/wp\/v2\/types\/product"}],"wp:featuredmedia":[{"embeddable":true,"href":"https:\/\/www.thurner-keramikshop.de\/index.php\/wp-json\/wp\/v2\/media\/4760"}],"wp:attachment":[{"href":"https:\/\/www.thurner-keramikshop.de\/index.php\/wp-json\/wp\/v2\/media?parent=4643"}],"wp:term":[{"taxonomy":"product_brand","embeddable":true,"href":"https:\/\/www.thurner-keramikshop.de\/index.php\/wp-json\/wp\/v2\/product_brand?post=4643"},{"taxonomy":"product_cat","embeddable":true,"href":"https:\/\/www.thurner-keramikshop.de\/index.php\/wp-json\/wp\/v2\/product_cat?post=4643"},{"taxonomy":"product_tag","embeddable":true,"href":"https:\/\/www.thurner-keramikshop.de\/index.php\/wp-json\/wp\/v2\/product_tag?post=4643"}],"curies":[{"name":"wp","href":"https:\/\/api.w.org\/{rel}","templated":true}]}}